{"id":320,"date":"2025-10-18T14:15:10","date_gmt":"2025-10-18T12:15:10","guid":{"rendered":"https:\/\/www.latelierdesmerveilles.be\/?post_type=product&#038;p=320"},"modified":"2025-10-28T16:05:57","modified_gmt":"2025-10-28T14:05:57","slug":"boule-de-noel-personnalisable","status":"publish","type":"product","link":"https:\/\/www.latelierdesmerveilles.be\/?product=boule-de-noel-personnalisable","title":{"rendered":"Boule de No\u00ebl (personnalisable)"},"content":{"rendered":"<p data-start=\"180\" data-end=\"508\">Apportez une touche d\u2019\u00e9motion et de magie \u00e0 votre d\u00e9coration avec notre <strong data-start=\"252\" data-end=\"285\">boule de No\u00ebl personnalisable<\/strong>. Gravez-y le <strong data-start=\"299\" data-end=\"343\">nom des personnes qui comptent pour vous<\/strong>, ou un <strong data-start=\"351\" data-end=\"386\">mot qui vous inspire le bonheur<\/strong> \u2014 \u201cAmour\u201d, \u201cJoie\u201d, \u201cFamille\u201d, \u201cR\u00eave\u201d\u2026 Chaque boule devient un <strong data-start=\"449\" data-end=\"470\">souvenir pr\u00e9cieux<\/strong>, symbole de vos plus beaux moments.<\/p>\n<p data-start=\"510\" data-end=\"774\">Fabriqu\u00e9e avec soin, elle s\u2019accorde parfaitement \u00e0 tous les styles de sapin, du plus traditionnel au plus moderne. Cadeau id\u00e9al pour <strong data-start=\"643\" data-end=\"676\">partager un instant d\u2019\u00e9motion<\/strong>, c\u00e9l\u00e9brer une <strong data-start=\"691\" data-end=\"704\">naissance<\/strong>, un <strong data-start=\"709\" data-end=\"719\">couple<\/strong>, une <strong data-start=\"725\" data-end=\"735\">amiti\u00e9<\/strong>, ou simplement <strong data-start=\"751\" data-end=\"771\">se faire plaisir<\/strong>.<\/p>\n<p data-start=\"776\" data-end=\"886\">Faites de votre sapin un reflet de ce qui compte vraiment : vos <strong data-start=\"840\" data-end=\"880\">souvenirs, vos proches, vos sourires<\/strong>. \ud83c\udf1f<\/p>\n","protected":false},"excerpt":{"rendered":"<p>Offrez une touche unique \u00e0 votre sapin ! Ajoutez le pr\u00e9nom de vos proches ou un mot qui vous fait sourire. Un souvenir magique \u00e0 suspendre, \u00e0 offrir ou \u00e0 ch\u00e9rir chaque ann\u00e9e.<\/p>\n","protected":false},"featured_media":611,"comment_status":"open","ping_status":"closed","template":"","meta":[],"product_brand":[],"product_cat":[67,94],"product_tag":[],"class_list":{"0":"post-320","1":"product","2":"type-product","3":"status-publish","4":"has-post-thumbnail","6":"product_cat-boules-de-noel","7":"product_cat-produits-personnalisables","9":"first","10":"instock","11":"taxable","12":"shipping-taxable","13":"purchasable","14":"product-type-variable","15":"has-default-attributes"},"_links":{"self":[{"href":"https:\/\/www.latelierdesmerveilles.be\/index.php?rest_route=\/wp\/v2\/product\/320","targetHints":{"allow":["GET"]}}],"collection":[{"href":"https:\/\/www.latelierdesmerveilles.be\/index.php?rest_route=\/wp\/v2\/product"}],"about":[{"href":"https:\/\/www.latelierdesmerveilles.be\/index.php?rest_route=\/wp\/v2\/types\/product"}],"replies":[{"embeddable":true,"href":"https:\/\/www.latelierdesmerveilles.be\/index.php?rest_route=%2Fwp%2Fv2%2Fcomments&post=320"}],"wp:featuredmedia":[{"embeddable":true,"href":"https:\/\/www.latelierdesmerveilles.be\/index.php?rest_route=\/wp\/v2\/media\/611"}],"wp:attachment":[{"href":"https:\/\/www.latelierdesmerveilles.be\/index.php?rest_route=%2Fwp%2Fv2%2Fmedia&parent=320"}],"wp:term":[{"taxonomy":"product_brand","embeddable":true,"href":"https:\/\/www.latelierdesmerveilles.be\/index.php?rest_route=%2Fwp%2Fv2%2Fproduct_brand&post=320"},{"taxonomy":"product_cat","embeddable":true,"href":"https:\/\/www.latelierdesmerveilles.be\/index.php?rest_route=%2Fwp%2Fv2%2Fproduct_cat&post=320"},{"taxonomy":"product_tag","embeddable":true,"href":"https:\/\/www.latelierdesmerveilles.be\/index.php?rest_route=%2Fwp%2Fv2%2Fproduct_tag&post=320"}],"curies":[{"name":"wp","href":"https:\/\/api.w.org\/{rel}","templated":true}]}}