{"id":1765,"date":"2025-12-05T19:23:16","date_gmt":"2025-12-05T17:23:16","guid":{"rendered":"https:\/\/www.latelierdesmerveilles.be\/?post_type=product&#038;p=1765"},"modified":"2025-12-05T19:23:16","modified_gmt":"2025-12-05T17:23:16","slug":"verre-avec-paille-noel-9","status":"publish","type":"product","link":"https:\/\/www.latelierdesmerveilles.be\/?product=verre-avec-paille-noel-9","title":{"rendered":"Verre avec paille No\u00ebl"},"content":{"rendered":"<p>Plongez dans la magie des f\u00eates avec notre magnifique verre sur le th\u00e8me de No\u00ebl, accompagn\u00e9 de sa paille r\u00e9utilisable. Con\u00e7u pour allier style, praticit\u00e9 et ambiance festive, ce verre sera l\u2019accessoire id\u00e9al pour vos boissons hivernales : chocolat chaud, jus, smoothies ou m\u00eame vos cocktails de fin d\u2019ann\u00e9e.<\/p>\n<p>&nbsp;<\/p>\n<p>Son design festif et chaleureux apportera instantan\u00e9ment une atmosph\u00e8re conviviale \u00e0 vos repas, go\u00fbters et soir\u00e9es de No\u00ebl. L\u00e9ger, r\u00e9sistant et facile \u00e0 nettoyer, il convient aussi bien aux enfants qu\u2019aux adultes. Sa paille incluse ajoute une note ludique et pratique, parfaite pour \u00e9viter les accidents et offrir une exp\u00e9rience de d\u00e9gustation agr\u00e9able.<\/p>\n<p>&nbsp;<\/p>\n<p>Que ce soit pour un usage personnel, pour vos invit\u00e9s ou comme id\u00e9e cadeau, ce verre de No\u00ebl avec paille deviendra un incontournable de vos f\u00eates. Une jolie fa\u00e7on de rendre chaque gorg\u00e9e encore plus magique !<\/p>\n","protected":false},"excerpt":{"rendered":"<p>Ajoutez une touche magique \u00e0 vos boissons de f\u00eate avec notre verre de No\u00ebl r\u00e9utilisable, accompagn\u00e9 de sa paille assortie. Parfait pour chocolat chaud, jus ou cocktails, il apportera imm\u00e9diatement l\u2019esprit de No\u00ebl \u00e0 votre table !<\/p>\n","protected":false},"featured_media":1736,"comment_status":"open","ping_status":"closed","template":"","meta":[],"product_brand":[],"product_cat":[97,60],"product_tag":[],"class_list":{"0":"post-1765","1":"product","2":"type-product","3":"status-publish","4":"has-post-thumbnail","6":"product_cat-noel-2","7":"product_cat-verre-avec-paille","9":"first","10":"instock","11":"taxable","12":"shipping-taxable","13":"purchasable","14":"product-type-simple"},"_links":{"self":[{"href":"https:\/\/www.latelierdesmerveilles.be\/index.php?rest_route=\/wp\/v2\/product\/1765","targetHints":{"allow":["GET"]}}],"collection":[{"href":"https:\/\/www.latelierdesmerveilles.be\/index.php?rest_route=\/wp\/v2\/product"}],"about":[{"href":"https:\/\/www.latelierdesmerveilles.be\/index.php?rest_route=\/wp\/v2\/types\/product"}],"replies":[{"embeddable":true,"href":"https:\/\/www.latelierdesmerveilles.be\/index.php?rest_route=%2Fwp%2Fv2%2Fcomments&post=1765"}],"wp:featuredmedia":[{"embeddable":true,"href":"https:\/\/www.latelierdesmerveilles.be\/index.php?rest_route=\/wp\/v2\/media\/1736"}],"wp:attachment":[{"href":"https:\/\/www.latelierdesmerveilles.be\/index.php?rest_route=%2Fwp%2Fv2%2Fmedia&parent=1765"}],"wp:term":[{"taxonomy":"product_brand","embeddable":true,"href":"https:\/\/www.latelierdesmerveilles.be\/index.php?rest_route=%2Fwp%2Fv2%2Fproduct_brand&post=1765"},{"taxonomy":"product_cat","embeddable":true,"href":"https:\/\/www.latelierdesmerveilles.be\/index.php?rest_route=%2Fwp%2Fv2%2Fproduct_cat&post=1765"},{"taxonomy":"product_tag","embeddable":true,"href":"https:\/\/www.latelierdesmerveilles.be\/index.php?rest_route=%2Fwp%2Fv2%2Fproduct_tag&post=1765"}],"curies":[{"name":"wp","href":"https:\/\/api.w.org\/{rel}","templated":true}]}}