{"id":1562,"date":"2025-11-22T17:18:00","date_gmt":"2025-11-22T15:18:00","guid":{"rendered":"https:\/\/www.latelierdesmerveilles.be\/?post_type=product&#038;p=1562"},"modified":"2025-11-22T17:18:00","modified_gmt":"2025-11-22T15:18:00","slug":"stylo-de-noel-5","status":"publish","type":"product","link":"https:\/\/www.latelierdesmerveilles.be\/?product=stylo-de-noel-5","title":{"rendered":"Stylo de No\u00ebl"},"content":{"rendered":"<p>Ce stylo en perle de No\u00ebl est l\u2019accessoire id\u00e9al pour \u00e9crire avec style pendant les f\u00eates. Son design raffin\u00e9, orn\u00e9 de perles scintillantes et d\u2019\u00e9l\u00e9ments inspir\u00e9s de la magie hivernale, en fait bien plus qu\u2019un simple outil d\u2019\u00e9criture : c\u2019est un v\u00e9ritable objet d\u00e9coratif. Agr\u00e9able en main et dot\u00e9 d\u2019une pointe fluide, il est parfait pour r\u00e9diger vos cartes de v\u0153ux, personnaliser vos cadeaux ou illuminer votre espace de travail.<br \/>\nUn petit d\u00e9tail qui fait toute la diff\u00e9rence pour c\u00e9l\u00e9brer la saison avec \u00e9l\u00e9gance et esprit festif.<\/p>\n","protected":false},"excerpt":{"rendered":"<p>Un stylo \u00e9l\u00e9gant d\u00e9cor\u00e9 de perles festives, parfait pour ajouter une touche de magie de No\u00ebl \u00e0 chaque note ou cadeau \u00e9crit.<\/p>\n","protected":false},"featured_media":1552,"comment_status":"open","ping_status":"closed","template":"","meta":[],"product_brand":[],"product_cat":[97,95],"product_tag":[],"class_list":{"0":"post-1562","1":"product","2":"type-product","3":"status-publish","4":"has-post-thumbnail","6":"product_cat-noel-2","7":"product_cat-stylo","9":"first","10":"instock","11":"taxable","12":"shipping-taxable","13":"purchasable","14":"product-type-simple"},"_links":{"self":[{"href":"https:\/\/www.latelierdesmerveilles.be\/index.php?rest_route=\/wp\/v2\/product\/1562","targetHints":{"allow":["GET"]}}],"collection":[{"href":"https:\/\/www.latelierdesmerveilles.be\/index.php?rest_route=\/wp\/v2\/product"}],"about":[{"href":"https:\/\/www.latelierdesmerveilles.be\/index.php?rest_route=\/wp\/v2\/types\/product"}],"replies":[{"embeddable":true,"href":"https:\/\/www.latelierdesmerveilles.be\/index.php?rest_route=%2Fwp%2Fv2%2Fcomments&post=1562"}],"wp:featuredmedia":[{"embeddable":true,"href":"https:\/\/www.latelierdesmerveilles.be\/index.php?rest_route=\/wp\/v2\/media\/1552"}],"wp:attachment":[{"href":"https:\/\/www.latelierdesmerveilles.be\/index.php?rest_route=%2Fwp%2Fv2%2Fmedia&parent=1562"}],"wp:term":[{"taxonomy":"product_brand","embeddable":true,"href":"https:\/\/www.latelierdesmerveilles.be\/index.php?rest_route=%2Fwp%2Fv2%2Fproduct_brand&post=1562"},{"taxonomy":"product_cat","embeddable":true,"href":"https:\/\/www.latelierdesmerveilles.be\/index.php?rest_route=%2Fwp%2Fv2%2Fproduct_cat&post=1562"},{"taxonomy":"product_tag","embeddable":true,"href":"https:\/\/www.latelierdesmerveilles.be\/index.php?rest_route=%2Fwp%2Fv2%2Fproduct_tag&post=1562"}],"curies":[{"name":"wp","href":"https:\/\/api.w.org\/{rel}","templated":true}]}}