{"id":1501,"date":"2025-11-20T19:58:17","date_gmt":"2025-11-20T17:58:17","guid":{"rendered":"https:\/\/www.latelierdesmerveilles.be\/?post_type=product&#038;p=1501"},"modified":"2025-11-20T19:58:17","modified_gmt":"2025-11-20T17:58:17","slug":"body-pere-noel-2","status":"publish","type":"product","link":"https:\/\/www.latelierdesmerveilles.be\/?product=body-pere-noel-2","title":{"rendered":"Body P\u00e8re No\u00ebl"},"content":{"rendered":"<p>Plongez votre b\u00e9b\u00e9 dans la magie des f\u00eates avec notre adorable body de No\u00ebl, pens\u00e9 pour allier style et confort. Fabriqu\u00e9 dans un tissu doux et respirant, il respecte la peau sensible des tout-petits tout en leur offrant une libert\u00e9 de mouvement optimale. Ses pressions \u00e0 l\u2019entrejambe facilitent l\u2019habillage et le changement, un vrai plus pour les parents pendant cette p\u00e9riode charg\u00e9e.<\/p>\n<p>Avec son motif festif et ses finitions soign\u00e9es, ce body deviendra la tenue id\u00e9ale pour les photos, les soir\u00e9es en famille ou m\u00eame pour glisser sous le sapin en guise de cadeau. Une pi\u00e8ce incontournable pour c\u00e9l\u00e9brer son premier No\u00ebl (ou les suivants) avec douceur et magie.<\/p>\n","protected":false},"excerpt":{"rendered":"<p>Offrez \u00e0 votre petit bout un look festif avec notre body de No\u00ebl tout doux ! Confortable, pratique et parfait pour immortaliser ses premiers souvenirs des f\u00eates.<\/p>\n","protected":false},"featured_media":1419,"comment_status":"open","ping_status":"closed","template":"","meta":[],"product_brand":[],"product_cat":[97,41],"product_tag":[],"class_list":{"0":"post-1501","1":"product","2":"type-product","3":"status-publish","4":"has-post-thumbnail","6":"product_cat-noel-2","7":"product_cat-bodys","9":"first","10":"instock","11":"taxable","12":"shipping-taxable","13":"purchasable","14":"product-type-simple"},"_links":{"self":[{"href":"https:\/\/www.latelierdesmerveilles.be\/index.php?rest_route=\/wp\/v2\/product\/1501","targetHints":{"allow":["GET"]}}],"collection":[{"href":"https:\/\/www.latelierdesmerveilles.be\/index.php?rest_route=\/wp\/v2\/product"}],"about":[{"href":"https:\/\/www.latelierdesmerveilles.be\/index.php?rest_route=\/wp\/v2\/types\/product"}],"replies":[{"embeddable":true,"href":"https:\/\/www.latelierdesmerveilles.be\/index.php?rest_route=%2Fwp%2Fv2%2Fcomments&post=1501"}],"wp:featuredmedia":[{"embeddable":true,"href":"https:\/\/www.latelierdesmerveilles.be\/index.php?rest_route=\/wp\/v2\/media\/1419"}],"wp:attachment":[{"href":"https:\/\/www.latelierdesmerveilles.be\/index.php?rest_route=%2Fwp%2Fv2%2Fmedia&parent=1501"}],"wp:term":[{"taxonomy":"product_brand","embeddable":true,"href":"https:\/\/www.latelierdesmerveilles.be\/index.php?rest_route=%2Fwp%2Fv2%2Fproduct_brand&post=1501"},{"taxonomy":"product_cat","embeddable":true,"href":"https:\/\/www.latelierdesmerveilles.be\/index.php?rest_route=%2Fwp%2Fv2%2Fproduct_cat&post=1501"},{"taxonomy":"product_tag","embeddable":true,"href":"https:\/\/www.latelierdesmerveilles.be\/index.php?rest_route=%2Fwp%2Fv2%2Fproduct_tag&post=1501"}],"curies":[{"name":"wp","href":"https:\/\/api.w.org\/{rel}","templated":true}]}}