{"id":1338,"date":"2025-11-02T15:57:36","date_gmt":"2025-11-02T13:57:36","guid":{"rendered":"https:\/\/www.latelierdesmerveilles.be\/?post_type=product&#038;p=1338"},"modified":"2025-11-02T15:57:36","modified_gmt":"2025-11-02T13:57:36","slug":"cadre-danniversaire-personnalisable","status":"publish","type":"product","link":"https:\/\/www.latelierdesmerveilles.be\/?product=cadre-danniversaire-personnalisable","title":{"rendered":"Cadre D&rsquo;anniversaire personnalisable"},"content":{"rendered":"<p>Offrez un cadeau qui sort de l\u2019ordinaire avec notre cadre d\u2019anniversaire personnalisable !<br \/>\nCe cadre est parfait pour c\u00e9l\u00e9brer un \u00e2ge marquant \u2014 que ce soit 1 an, 18 ans, 30 ans ou plus \u2014 et garder un beau souvenir de ce moment unique.<br \/>\nPersonnalisez facilement l\u2019\u00e2ge pour qu\u2019il s\u2019adapte \u00e0 la personne \u00e0 qui vous l\u2019offrez. Ce cadre est une id\u00e9e cadeau \u00e0 la fois originale, d\u00e9corative et pleine de sens, qui fera plaisir \u00e0 coup s\u00fbr !<br \/>\nId\u00e9al pour d\u00e9corer une chambre, un salon ou un espace de f\u00eate.<\/p>\n","protected":false},"excerpt":{"rendered":"<p>Un cadre d\u2019anniversaire unique et personnalisable, id\u00e9al pour offrir un souvenir m\u00e9morable ! Personnalisez l\u2019\u00e2ge et cr\u00e9ez un cadeau original plein d\u2019attention.<\/p>\n","protected":false},"featured_media":1339,"comment_status":"open","ping_status":"closed","template":"","meta":[],"product_brand":[],"product_cat":[94,29,35],"product_tag":[],"class_list":{"0":"post-1338","1":"product","2":"type-product","3":"status-publish","4":"has-post-thumbnail","6":"product_cat-produits-personnalisables","7":"product_cat-cadres","8":"product_cat-anniversaire","10":"first","11":"instock","12":"taxable","13":"shipping-taxable","14":"purchasable","15":"product-type-simple"},"_links":{"self":[{"href":"https:\/\/www.latelierdesmerveilles.be\/index.php?rest_route=\/wp\/v2\/product\/1338","targetHints":{"allow":["GET"]}}],"collection":[{"href":"https:\/\/www.latelierdesmerveilles.be\/index.php?rest_route=\/wp\/v2\/product"}],"about":[{"href":"https:\/\/www.latelierdesmerveilles.be\/index.php?rest_route=\/wp\/v2\/types\/product"}],"replies":[{"embeddable":true,"href":"https:\/\/www.latelierdesmerveilles.be\/index.php?rest_route=%2Fwp%2Fv2%2Fcomments&post=1338"}],"wp:featuredmedia":[{"embeddable":true,"href":"https:\/\/www.latelierdesmerveilles.be\/index.php?rest_route=\/wp\/v2\/media\/1339"}],"wp:attachment":[{"href":"https:\/\/www.latelierdesmerveilles.be\/index.php?rest_route=%2Fwp%2Fv2%2Fmedia&parent=1338"}],"wp:term":[{"taxonomy":"product_brand","embeddable":true,"href":"https:\/\/www.latelierdesmerveilles.be\/index.php?rest_route=%2Fwp%2Fv2%2Fproduct_brand&post=1338"},{"taxonomy":"product_cat","embeddable":true,"href":"https:\/\/www.latelierdesmerveilles.be\/index.php?rest_route=%2Fwp%2Fv2%2Fproduct_cat&post=1338"},{"taxonomy":"product_tag","embeddable":true,"href":"https:\/\/www.latelierdesmerveilles.be\/index.php?rest_route=%2Fwp%2Fv2%2Fproduct_tag&post=1338"}],"curies":[{"name":"wp","href":"https:\/\/api.w.org\/{rel}","templated":true}]}}