{"id":1025,"date":"2025-10-29T22:46:09","date_gmt":"2025-10-29T20:46:09","guid":{"rendered":"https:\/\/www.latelierdesmerveilles.be\/?post_type=product&#038;p=1025"},"modified":"2025-10-29T22:46:09","modified_gmt":"2025-10-29T20:46:09","slug":"verre-fee-clochette","status":"publish","type":"product","link":"https:\/\/www.latelierdesmerveilles.be\/?product=verre-fee-clochette","title":{"rendered":"Verre F\u00e9e Clochette"},"content":{"rendered":"<p>Apportez une \u00e9tincelle de magie \u00e0 vos moments de pause avec ce verre F\u00e9e Clochette ! Dot\u00e9 d\u2019une paille pratique, il est id\u00e9al pour savourer vos boissons pr\u00e9f\u00e9r\u00e9es tout en laissant libre cours \u00e0 l\u2019imagination. Son design color\u00e9 et charmant s\u00e9duira petits et grands, faisant de chaque gorg\u00e9e une v\u00e9ritable aventure dans le monde f\u00e9erique de la c\u00e9l\u00e8bre f\u00e9e. Parfait pour les fans de Disney ou pour offrir en cadeau enchant\u00e9.<\/p>\n","protected":false},"excerpt":{"rendered":"<p>Un verre magique avec paille, illustr\u00e9 de F\u00e9e Clochette, parfait pour ajouter une touche f\u00e9erique \u00e0 chaque boisson.<\/p>\n","protected":false},"featured_media":1026,"comment_status":"open","ping_status":"closed","template":"","meta":[],"product_brand":[],"product_cat":[60],"product_tag":[],"class_list":{"0":"post-1025","1":"product","2":"type-product","3":"status-publish","4":"has-post-thumbnail","6":"product_cat-verre-avec-paille","8":"first","9":"instock","10":"taxable","11":"shipping-taxable","12":"purchasable","13":"product-type-simple"},"_links":{"self":[{"href":"https:\/\/www.latelierdesmerveilles.be\/index.php?rest_route=\/wp\/v2\/product\/1025","targetHints":{"allow":["GET"]}}],"collection":[{"href":"https:\/\/www.latelierdesmerveilles.be\/index.php?rest_route=\/wp\/v2\/product"}],"about":[{"href":"https:\/\/www.latelierdesmerveilles.be\/index.php?rest_route=\/wp\/v2\/types\/product"}],"replies":[{"embeddable":true,"href":"https:\/\/www.latelierdesmerveilles.be\/index.php?rest_route=%2Fwp%2Fv2%2Fcomments&post=1025"}],"wp:featuredmedia":[{"embeddable":true,"href":"https:\/\/www.latelierdesmerveilles.be\/index.php?rest_route=\/wp\/v2\/media\/1026"}],"wp:attachment":[{"href":"https:\/\/www.latelierdesmerveilles.be\/index.php?rest_route=%2Fwp%2Fv2%2Fmedia&parent=1025"}],"wp:term":[{"taxonomy":"product_brand","embeddable":true,"href":"https:\/\/www.latelierdesmerveilles.be\/index.php?rest_route=%2Fwp%2Fv2%2Fproduct_brand&post=1025"},{"taxonomy":"product_cat","embeddable":true,"href":"https:\/\/www.latelierdesmerveilles.be\/index.php?rest_route=%2Fwp%2Fv2%2Fproduct_cat&post=1025"},{"taxonomy":"product_tag","embeddable":true,"href":"https:\/\/www.latelierdesmerveilles.be\/index.php?rest_route=%2Fwp%2Fv2%2Fproduct_tag&post=1025"}],"curies":[{"name":"wp","href":"https:\/\/api.w.org\/{rel}","templated":true}]}}