{"id":1015,"date":"2025-10-29T22:38:38","date_gmt":"2025-10-29T20:38:38","guid":{"rendered":"https:\/\/www.latelierdesmerveilles.be\/?post_type=product&#038;p=1015"},"modified":"2025-10-29T22:56:38","modified_gmt":"2025-10-29T20:56:38","slug":"verre-de-noel-sucre-dorge","status":"publish","type":"product","link":"https:\/\/www.latelierdesmerveilles.be\/?product=verre-de-noel-sucre-dorge","title":{"rendered":"Verre De No\u00ebl Sucre d&rsquo;orge"},"content":{"rendered":"<p>Ajoute une touche sucr\u00e9e et festive \u00e0 tes moments de d\u00e9tente avec ce verre \u00e0 paille sur le th\u00e8me de No\u00ebl \u201cSucre d\u2019orge\u201d ! Son design gourmand et color\u00e9 \u00e9voque les douceurs des f\u00eates et la chaleur des soir\u00e9es d\u2019hiver. Id\u00e9al pour les chocolats chauds, les jus ou les milkshakes, il deviendra vite l\u2019alli\u00e9 incontournable de tes pauses gourmandes.<br \/>\nPratique, r\u00e9utilisable et plein de charme, ce verre est le compagnon parfait pour illuminer ta table de f\u00eate ou offrir un cadeau original \u00e0 tes proches.<\/p>\n","protected":false},"excerpt":{"rendered":"<p>Plonge dans la magie de No\u00ebl avec ce verre \u00e0 paille d\u00e9cor\u00e9 de d\u00e9licieux motifs de sucre d\u2019orge \u2014 parfait pour savourer tes boissons festives avec style !<\/p>\n","protected":false},"featured_media":1041,"comment_status":"open","ping_status":"closed","template":"","meta":[],"product_brand":[],"product_cat":[60],"product_tag":[],"class_list":{"0":"post-1015","1":"product","2":"type-product","3":"status-publish","4":"has-post-thumbnail","6":"product_cat-verre-avec-paille","8":"first","9":"instock","10":"taxable","11":"shipping-taxable","12":"purchasable","13":"product-type-simple"},"_links":{"self":[{"href":"https:\/\/www.latelierdesmerveilles.be\/index.php?rest_route=\/wp\/v2\/product\/1015","targetHints":{"allow":["GET"]}}],"collection":[{"href":"https:\/\/www.latelierdesmerveilles.be\/index.php?rest_route=\/wp\/v2\/product"}],"about":[{"href":"https:\/\/www.latelierdesmerveilles.be\/index.php?rest_route=\/wp\/v2\/types\/product"}],"replies":[{"embeddable":true,"href":"https:\/\/www.latelierdesmerveilles.be\/index.php?rest_route=%2Fwp%2Fv2%2Fcomments&post=1015"}],"wp:featuredmedia":[{"embeddable":true,"href":"https:\/\/www.latelierdesmerveilles.be\/index.php?rest_route=\/wp\/v2\/media\/1041"}],"wp:attachment":[{"href":"https:\/\/www.latelierdesmerveilles.be\/index.php?rest_route=%2Fwp%2Fv2%2Fmedia&parent=1015"}],"wp:term":[{"taxonomy":"product_brand","embeddable":true,"href":"https:\/\/www.latelierdesmerveilles.be\/index.php?rest_route=%2Fwp%2Fv2%2Fproduct_brand&post=1015"},{"taxonomy":"product_cat","embeddable":true,"href":"https:\/\/www.latelierdesmerveilles.be\/index.php?rest_route=%2Fwp%2Fv2%2Fproduct_cat&post=1015"},{"taxonomy":"product_tag","embeddable":true,"href":"https:\/\/www.latelierdesmerveilles.be\/index.php?rest_route=%2Fwp%2Fv2%2Fproduct_tag&post=1015"}],"curies":[{"name":"wp","href":"https:\/\/api.w.org\/{rel}","templated":true}]}}