{"id":1001,"date":"2025-10-29T22:22:44","date_gmt":"2025-10-29T20:22:44","guid":{"rendered":"https:\/\/www.latelierdesmerveilles.be\/?post_type=product&#038;p=1001"},"modified":"2025-10-29T22:22:44","modified_gmt":"2025-10-29T20:22:44","slug":"verre-de-noel-sapin","status":"publish","type":"product","link":"https:\/\/www.latelierdesmerveilles.be\/?product=verre-de-noel-sapin","title":{"rendered":"Verre De No\u00ebl Sapin"},"content":{"rendered":"<p>Apportez une touche de f\u00e9\u00e9rie \u00e0 vos boissons avec ce verre de No\u00ebl orn\u00e9 de magnifiques sapins scintillants ! Accompagn\u00e9 d\u2019une paille r\u00e9utilisable, il est id\u00e9al pour les chocolats chauds, jus ou cocktails festifs. Son design plein de charme \u00e9voque la chaleur et la convivialit\u00e9 des f\u00eates de fin d\u2019ann\u00e9e. Que ce soit pour une soir\u00e9e en famille, un march\u00e9 de No\u00ebl ou simplement pour ajouter un brin de magie \u00e0 votre quotidien, ce verre deviendra vite un indispensable de la saison.<\/p>\n","protected":false},"excerpt":{"rendered":"<p>Verre festif avec paille d\u00e9cor\u00e9 de jolis sapins de No\u00ebl \u2014 parfait pour siroter vos boissons tout en profitant de la magie des f\u00eates !<\/p>\n","protected":false},"featured_media":1002,"comment_status":"open","ping_status":"closed","template":"","meta":[],"product_brand":[],"product_cat":[60],"product_tag":[],"class_list":{"0":"post-1001","1":"product","2":"type-product","3":"status-publish","4":"has-post-thumbnail","6":"product_cat-verre-avec-paille","8":"first","9":"instock","10":"taxable","11":"shipping-taxable","12":"purchasable","13":"product-type-simple"},"_links":{"self":[{"href":"https:\/\/www.latelierdesmerveilles.be\/index.php?rest_route=\/wp\/v2\/product\/1001","targetHints":{"allow":["GET"]}}],"collection":[{"href":"https:\/\/www.latelierdesmerveilles.be\/index.php?rest_route=\/wp\/v2\/product"}],"about":[{"href":"https:\/\/www.latelierdesmerveilles.be\/index.php?rest_route=\/wp\/v2\/types\/product"}],"replies":[{"embeddable":true,"href":"https:\/\/www.latelierdesmerveilles.be\/index.php?rest_route=%2Fwp%2Fv2%2Fcomments&post=1001"}],"wp:featuredmedia":[{"embeddable":true,"href":"https:\/\/www.latelierdesmerveilles.be\/index.php?rest_route=\/wp\/v2\/media\/1002"}],"wp:attachment":[{"href":"https:\/\/www.latelierdesmerveilles.be\/index.php?rest_route=%2Fwp%2Fv2%2Fmedia&parent=1001"}],"wp:term":[{"taxonomy":"product_brand","embeddable":true,"href":"https:\/\/www.latelierdesmerveilles.be\/index.php?rest_route=%2Fwp%2Fv2%2Fproduct_brand&post=1001"},{"taxonomy":"product_cat","embeddable":true,"href":"https:\/\/www.latelierdesmerveilles.be\/index.php?rest_route=%2Fwp%2Fv2%2Fproduct_cat&post=1001"},{"taxonomy":"product_tag","embeddable":true,"href":"https:\/\/www.latelierdesmerveilles.be\/index.php?rest_route=%2Fwp%2Fv2%2Fproduct_tag&post=1001"}],"curies":[{"name":"wp","href":"https:\/\/api.w.org\/{rel}","templated":true}]}}